{"id":18647,"date":"2020-11-25T13:57:09","date_gmt":"2020-11-25T12:57:09","guid":{"rendered":"http:\/\/cocobae.sk\/?page_id=18647"},"modified":"2020-11-25T14:29:36","modified_gmt":"2020-11-25T13:29:36","slug":"poskytovanie-informacii-podla-zakona","status":"publish","type":"page","link":"https:\/\/www.ssdz.sk\/ssdz\/poskytovanie-informacii-podla-zakona\/","title":{"rendered":"Poskytovanie inform\u00e1ci\u00ed pod\u013ea z\u00e1kona"},"content":{"rendered":"\t\t<div data-elementor-type=\"wp-page\" data-elementor-id=\"18647\" class=\"elementor elementor-18647\">\n\t\t\t\t\t\t<section class=\"elementor-section elementor-top-section elementor-element elementor-element-b6e5eec elementor-section-boxed elementor-section-height-default elementor-section-height-default\" data-id=\"b6e5eec\" data-element_type=\"section\">\n\t\t\t\t\t\t<div class=\"elementor-container elementor-column-gap-default\">\n\t\t\t\t\t<div class=\"elementor-column elementor-col-100 elementor-top-column elementor-element elementor-element-6cac206\" data-id=\"6cac206\" data-element_type=\"column\">\n\t\t\t<div class=\"elementor-widget-wrap elementor-element-populated\">\n\t\t\t\t\t\t<div class=\"elementor-element elementor-element-a2f21af elementor-widget elementor-widget-heading\" data-id=\"a2f21af\" data-element_type=\"widget\" data-widget_type=\"heading.default\">\n\t\t\t\t<div class=\"elementor-widget-container\">\n\t\t\t<h4 class=\"elementor-heading-title elementor-size-default\">Poskytovanie inform\u00e1ci\u00ed pod\u013ea z\u00e1kona \u010d. 211\/2000 Z. z. v znen\u00ed neskor\u0161\u00edch predpisov<\/h4>\t\t<\/div>\n\t\t\t\t<\/div>\n\t\t\t\t<div class=\"elementor-element elementor-element-e2b20a5 elementor-widget elementor-widget-text-editor\" data-id=\"e2b20a5\" data-element_type=\"widget\" data-widget_type=\"text-editor.default\">\n\t\t\t\t<div class=\"elementor-widget-container\">\n\t\t\t\t\t\t\t<p align=\"JUSTIFY\">V\u00a0zmysle \u00a7 2 ods. 3 z\u00e1kona \u010d.211\/2000 Z. z. o\u00a0slobodnom pr\u00edstupe k\u00a0inform\u00e1ci\u00e1m a\u00a0o\u00a0zmene a\u00a0doplnen\u00ed niektor\u00fdch z\u00e1konov (\u010falej len ako \u201ez\u00e1kon o\u00a0slobodnom pr\u00edstupe k\u00a0inform\u00e1ci\u00e1m\u201c) je Spr\u00e1va slu\u017eieb diplomatick\u00e9mu zboru, a.s. (\u010falej aj ako \u201eSSDZ, a.s.\u201c) povinnou osobou na spr\u00edstup\u0148ovanie inform\u00e1ci\u00ed.<\/p><p align=\"JUSTIFY\">\u00a0<\/p><p align=\"JUSTIFY\">Pod\u013ea \u00a7 3 ods. 2 z\u00e1kona o\u00a0slobodnom pr\u00edstupe k\u00a0inform\u00e1ci\u00e1m m\u00e1\u00a0<em><strong>Spr\u00e1va slu\u017eieb diplomatick\u00e9mu zboru, a.s. povinnos\u0165 spr\u00edstupni\u0165 iba inform\u00e1cie o hospod\u00e1ren\u00ed s verejn\u00fdmi prostriedkami, nakladan\u00ed s majetkom \u0161t\u00e1tu majetkom vy\u0161\u0161ieho \u00fazemn\u00e9ho celku alebo majetkom obce, o \u017eivotnom prostred\u00ed, o \u00faloh\u00e1ch alebo odborn\u00fdch slu\u017eb\u00e1ch t\u00fdkaj\u00facich sa \u017eivotn\u00e9ho prostredia a o obsahu, plnen\u00ed a \u010dinnostiach vykon\u00e1van\u00fdch na z\u00e1klade uzatvorenej zmluvy.<\/strong><\/em><\/p><p>Inform\u00e1cie sa spr\u00edstup\u0148uj\u00fa bez preuk\u00e1zania pr\u00e1vneho alebo in\u00e9ho d\u00f4vodu alebo z\u00e1ujmu, pre ktor\u00fd sa inform\u00e1cia po\u017eaduje.<\/p><p>\u00a0<\/p><p align=\"JUSTIFY\"><strong>\u017diadosti<\/strong>\u00a0o spr\u00edstupnenie inform\u00e1ci\u00ed spadaj\u00facich do kompetencie Spr\u00e1vy slu\u017eieb diplomatick\u00e9mu zboru, a.s.\u00a0<strong>m\u00f4\u017eu \u017eiadatelia pod\u00e1va\u0165 nasledovne<\/strong>:<\/p><p align=\"JUSTIFY\">1.\u00a0<strong>e-mailom<\/strong>\u00a0na adresu:\u00a0<a href=\"mailto:info@ssdz.sk\">info@ssdz.sk<\/a><\/p><p align=\"JUSTIFY\">2.\u00a0<strong>po\u0161tou<\/strong>\u00a0na adresu: Spr\u00e1va slu\u017eieb diplomatick\u00e9mu zboru, a.s., Palis\u00e1dy 31, 811 06 Bratislava<\/p><p align=\"JUSTIFY\">3.\u00a0<strong>faxom<\/strong>\u00a0na \u010d\u00edslo: +421 (0)2 5920 5752.<\/p><p align=\"JUSTIFY\">4.\u00a0<strong>osobne<\/strong>\u00a0v\u00a0s\u00eddle spolo\u010dnosti Spr\u00e1va slu\u017eieb diplomatick\u00e9mu zboru, a.s. od 9,00 &#8211; 14.00 hod.<\/p><p align=\"JUSTIFY\">\u00a0<\/p><p align=\"JUSTIFY\"><a id=\"_GoBack\" name=\"_GoBack\"><\/a>Zo \u017eiadosti mus\u00ed by\u0165 zrejm\u00e9, \u017ee je ur\u010den\u00e1 spolo\u010dnosti Spr\u00e1va slu\u017eieb diplomatick\u00e9mu zboru, a.s.\u00a0<em>Ka\u017ed\u00e1 \u017eiados\u0165 mus\u00ed obsahova\u0165 meno a adresu \u017eiadate\u013ea, u pr\u00e1vnick\u00fdch os\u00f4b \u00fapln\u00fd n\u00e1zov a adresu s\u00eddla, \u010do najpresnej\u0161iu \u0161pecifik\u00e1ciu po\u017eadovan\u00fdch inform\u00e1ci\u00ed a sp\u00f4sob doru\u010denia inform\u00e1ci\u00ed \u017eiadate\u013eovi<\/em>\u00a0(p\u00edsomne, faxom, elektronicky e-mailom alebo na diskete, osobn\u00e9 prevzatie a pod.) Ak \u017eiados\u0165 nebude obsahova\u0165 tieto \u00fadaje, \u017eiadate\u013e bude vyzvan\u00fd na jej doplnenie.<\/p><p align=\"JUSTIFY\">\u017diadate\u013e poskytuje osobn\u00e9 \u00fadaje v s\u00falade s \u00a7 14 z\u00e1kona \u010d. 211\/2000 Z. z. o slobodnom pr\u00edstupe k inform\u00e1ci\u00e1m a o zmene a doplnen\u00ed niektor\u00fdch z\u00e1konov.<\/p><p align=\"JUSTIFY\">\u00a0<\/p><p align=\"JUSTIFY\"><strong>Dokumenty na stiahnutie<\/strong><\/p><p align=\"JUSTIFY\">\u2022\u00a0<a href=\"http:\/\/www.ssdz.sk\/sites\/default\/files\/uploads\/spristupnovanie_tlacivo_ziadost_akt.rtf\">\u017diados\u0165 o poskytnutie inform\u00e1cie &#8211; tla\u010divo<\/a><\/p><p align=\"JUSTIFY\">\u00a0<\/p><p align=\"JUSTIFY\"><strong>Postup SSDZ, a.s. pri vybavovan\u00ed \u017eiadost\u00ed o inform\u00e1cie:<\/strong><\/p><p align=\"JUSTIFY\">\u017diadosti o spr\u00edstupnenie inform\u00e1ci\u00ed sa vybavuj\u00fa bezodkladne, najnesk\u00f4r do 8 pracovn\u00fdch dn\u00ed odo d\u0148a podania \u017eiadosti alebo odo d\u0148a odstr\u00e1nenia nedostatkov \u017eiadosti.<\/p><p align=\"JUSTIFY\">Zo z\u00e1va\u017en\u00fdch d\u00f4vodov stanoven\u00fdch z\u00e1konom m\u00f4\u017ee by\u0165 t\u00e1to lehota pred\u013a\u017een\u00e1 najviac o 8 pracovn\u00fdch dn\u00ed. O pred\u013a\u017een\u00ed lehoty je \u017eiadate\u013e informovan\u00fd pred uplynut\u00edm lehoty spolu s uveden\u00edm d\u00f4vodov, ktor\u00e9 ved\u00fa k pred\u013a\u017eeniu lehoty.<\/p><p align=\"JUSTIFY\">Ak s\u00fa predmetom \u017eiadosti u\u017e zverejnen\u00e9 inform\u00e1cie SSDZ, a.s. ozn\u00e1mi \u017eiadate\u013eovi v\u00a0lehote do 5 dn\u00ed od podania \u017eiadosti, kde je mo\u017en\u00e9 po\u017eadovan\u00e9 inform\u00e1cie n\u00e1js\u0165 a\u00a0z\u00edska\u0165.<\/p><p align=\"JUSTIFY\">Ak SSDZ, a.s. nem\u00e1 po\u017eadovan\u00fa inform\u00e1ciu k dispoz\u00edcii a ak m\u00e1 vedomos\u0165 o tom, kde mo\u017eno po\u017eadovan\u00fa inform\u00e1ciu z\u00edska\u0165, post\u00fapi \u017eiados\u0165 do 5 dn\u00ed povinnej osobe, ktor\u00e1 m\u00e1 po\u017eadovan\u00e9 inform\u00e1cie k dispoz\u00edcii.<\/p><p align=\"JUSTIFY\">Ak SSDZ, a.s. nevyhovie \u017eiadosti o spr\u00edstupnenie inform\u00e1cie hoci len s\u010dasti, d\u00e1 najnesk\u00f4r do 3 dn\u00ed MZVaEZ SR podnet na vydanie p\u00edsomn\u00e9ho rozhodnutia.<\/p>\t\t\t\t\t\t<\/div>\n\t\t\t\t<\/div>\n\t\t\t\t\t<\/div>\n\t\t<\/div>\n\t\t\t\t\t<\/div>\n\t\t<\/section>\n\t\t\t\t<\/div>\n\t\t","protected":false},"excerpt":{"rendered":"<p>Poskytovanie inform\u00e1ci\u00ed pod\u013ea z\u00e1kona \u010d. 211\/2000 Z. z. v znen\u00ed neskor\u0161\u00edch predpisov V\u00a0zmysle \u00a7 2 ods. 3 z\u00e1kona \u010d.211\/2000 Z. z. o\u00a0slobodnom pr\u00edstupe k\u00a0inform\u00e1ci\u00e1m a\u00a0o\u00a0zmene a\u00a0doplnen\u00ed niektor\u00fdch z\u00e1konov (\u010falej len ako \u201ez\u00e1kon o\u00a0slobodnom pr\u00edstupe k\u00a0inform\u00e1ci\u00e1m\u201c) je Spr\u00e1va slu\u017eieb diplomatick\u00e9mu zboru, a.s. (\u010falej aj ako \u201eSSDZ, a.s.\u201c) povinnou osobou na spr\u00edstup\u0148ovanie inform\u00e1ci\u00ed. \u00a0 Pod\u013ea \u00a7 3 ods. 2 z\u00e1kona o\u00a0slobodnom pr\u00edstupe k\u00a0inform\u00e1ci\u00e1m m\u00e1\u00a0Spr\u00e1va slu\u017eieb diplomatick\u00e9mu &#8230;<\/p>\n","protected":false},"author":1,"featured_media":18236,"parent":0,"menu_order":0,"comment_status":"closed","ping_status":"closed","template":"","meta":{"footnotes":""},"class_list":["post-18647","page","type-page","status-publish","has-post-thumbnail","hentry"],"yoast_head":"<!-- This site is optimized with the Yoast SEO plugin v23.5 - https:\/\/yoast.com\/wordpress\/plugins\/seo\/ -->\n<title>Poskytovanie inform\u00e1ci\u00ed pod\u013ea z\u00e1kona - Spr\u00e1va slu\u017eieb diplomatick\u00e9mu zboru<\/title>\n<meta name=\"robots\" content=\"index, follow, max-snippet:-1, max-image-preview:large, max-video-preview:-1\" \/>\n<link rel=\"canonical\" href=\"https:\/\/www.ssdz.sk\/ssdz\/poskytovanie-informacii-podla-zakona\/\" \/>\n<meta property=\"og:locale\" content=\"sk_SK\" \/>\n<meta property=\"og:type\" content=\"article\" \/>\n<meta property=\"og:title\" content=\"Poskytovanie inform\u00e1ci\u00ed pod\u013ea z\u00e1kona - Spr\u00e1va slu\u017eieb diplomatick\u00e9mu zboru\" \/>\n<meta property=\"og:description\" content=\"Poskytovanie inform\u00e1ci\u00ed pod\u013ea z\u00e1kona \u010d. 211\/2000 Z. z. v znen\u00ed neskor\u0161\u00edch predpisov V\u00a0zmysle \u00a7 2 ods. 3 z\u00e1kona \u010d.211\/2000 Z. z. o\u00a0slobodnom pr\u00edstupe k\u00a0inform\u00e1ci\u00e1m a\u00a0o\u00a0zmene a\u00a0doplnen\u00ed niektor\u00fdch z\u00e1konov (\u010falej len ako \u201ez\u00e1kon o\u00a0slobodnom pr\u00edstupe k\u00a0inform\u00e1ci\u00e1m\u201c) je Spr\u00e1va slu\u017eieb diplomatick\u00e9mu zboru, a.s. (\u010falej aj ako \u201eSSDZ, a.s.\u201c) povinnou osobou na spr\u00edstup\u0148ovanie inform\u00e1ci\u00ed. \u00a0 Pod\u013ea \u00a7 3 ods. 2 z\u00e1kona o\u00a0slobodnom pr\u00edstupe k\u00a0inform\u00e1ci\u00e1m m\u00e1\u00a0Spr\u00e1va slu\u017eieb diplomatick\u00e9mu ...\" \/>\n<meta property=\"og:url\" content=\"https:\/\/www.ssdz.sk\/ssdz\/poskytovanie-informacii-podla-zakona\/\" \/>\n<meta property=\"og:site_name\" content=\"Spr\u00e1va slu\u017eieb diplomatick\u00e9mu zboru\" \/>\n<meta property=\"article:modified_time\" content=\"2020-11-25T13:29:36+00:00\" \/>\n<meta property=\"og:image\" content=\"https:\/\/www.ssdz.sk\/ssdz\/wp-content\/uploads\/2020\/09\/AC-Diplomat_Bez_Trolej.jpg\" \/>\n\t<meta property=\"og:image:width\" content=\"1623\" \/>\n\t<meta property=\"og:image:height\" content=\"1080\" \/>\n\t<meta property=\"og:image:type\" content=\"image\/jpeg\" \/>\n<meta name=\"twitter:card\" content=\"summary_large_image\" \/>\n<meta name=\"twitter:label1\" content=\"Predpokladan\u00fd \u010das \u010d\u00edtania\" \/>\n\t<meta name=\"twitter:data1\" content=\"3 min\u00faty\" \/>\n<script type=\"application\/ld+json\" class=\"yoast-schema-graph\">{\"@context\":\"https:\/\/schema.org\",\"@graph\":[{\"@type\":\"WebPage\",\"@id\":\"https:\/\/www.ssdz.sk\/ssdz\/poskytovanie-informacii-podla-zakona\/\",\"url\":\"https:\/\/www.ssdz.sk\/ssdz\/poskytovanie-informacii-podla-zakona\/\",\"name\":\"Poskytovanie inform\u00e1ci\u00ed pod\u013ea z\u00e1kona - Spr\u00e1va slu\u017eieb diplomatick\u00e9mu zboru\",\"isPartOf\":{\"@id\":\"https:\/\/www.ssdz.sk\/ssdz\/#website\"},\"primaryImageOfPage\":{\"@id\":\"https:\/\/www.ssdz.sk\/ssdz\/poskytovanie-informacii-podla-zakona\/#primaryimage\"},\"image\":{\"@id\":\"https:\/\/www.ssdz.sk\/ssdz\/poskytovanie-informacii-podla-zakona\/#primaryimage\"},\"thumbnailUrl\":\"https:\/\/www.ssdz.sk\/ssdz\/wp-content\/uploads\/2020\/09\/AC-Diplomat_Bez_Trolej.jpg\",\"datePublished\":\"2020-11-25T12:57:09+00:00\",\"dateModified\":\"2020-11-25T13:29:36+00:00\",\"breadcrumb\":{\"@id\":\"https:\/\/www.ssdz.sk\/ssdz\/poskytovanie-informacii-podla-zakona\/#breadcrumb\"},\"inLanguage\":\"sk-SK\",\"potentialAction\":[{\"@type\":\"ReadAction\",\"target\":[\"https:\/\/www.ssdz.sk\/ssdz\/poskytovanie-informacii-podla-zakona\/\"]}]},{\"@type\":\"ImageObject\",\"inLanguage\":\"sk-SK\",\"@id\":\"https:\/\/www.ssdz.sk\/ssdz\/poskytovanie-informacii-podla-zakona\/#primaryimage\",\"url\":\"https:\/\/www.ssdz.sk\/ssdz\/wp-content\/uploads\/2020\/09\/AC-Diplomat_Bez_Trolej.jpg\",\"contentUrl\":\"https:\/\/www.ssdz.sk\/ssdz\/wp-content\/uploads\/2020\/09\/AC-Diplomat_Bez_Trolej.jpg\",\"width\":1623,\"height\":1080},{\"@type\":\"BreadcrumbList\",\"@id\":\"https:\/\/www.ssdz.sk\/ssdz\/poskytovanie-informacii-podla-zakona\/#breadcrumb\",\"itemListElement\":[{\"@type\":\"ListItem\",\"position\":1,\"name\":\"Domovsk\u00e1 str\u00e1nka\",\"item\":\"https:\/\/www.ssdz.sk\/ssdz\/\"},{\"@type\":\"ListItem\",\"position\":2,\"name\":\"Poskytovanie inform\u00e1ci\u00ed pod\u013ea z\u00e1kona\"}]},{\"@type\":\"WebSite\",\"@id\":\"https:\/\/www.ssdz.sk\/ssdz\/#website\",\"url\":\"https:\/\/www.ssdz.sk\/ssdz\/\",\"name\":\"Spr\u00e1va slu\u017eieb diplomatick\u00e9mu zboru\",\"description\":\"\",\"potentialAction\":[{\"@type\":\"SearchAction\",\"target\":{\"@type\":\"EntryPoint\",\"urlTemplate\":\"https:\/\/www.ssdz.sk\/ssdz\/?s={search_term_string}\"},\"query-input\":{\"@type\":\"PropertyValueSpecification\",\"valueRequired\":true,\"valueName\":\"search_term_string\"}}],\"inLanguage\":\"sk-SK\"}]}<\/script>\n<!-- \/ Yoast SEO plugin. -->","yoast_head_json":{"title":"Poskytovanie inform\u00e1ci\u00ed pod\u013ea z\u00e1kona - Spr\u00e1va slu\u017eieb diplomatick\u00e9mu zboru","robots":{"index":"index","follow":"follow","max-snippet":"max-snippet:-1","max-image-preview":"max-image-preview:large","max-video-preview":"max-video-preview:-1"},"canonical":"https:\/\/www.ssdz.sk\/ssdz\/poskytovanie-informacii-podla-zakona\/","og_locale":"sk_SK","og_type":"article","og_title":"Poskytovanie inform\u00e1ci\u00ed pod\u013ea z\u00e1kona - Spr\u00e1va slu\u017eieb diplomatick\u00e9mu zboru","og_description":"Poskytovanie inform\u00e1ci\u00ed pod\u013ea z\u00e1kona \u010d. 211\/2000 Z. z. v znen\u00ed neskor\u0161\u00edch predpisov V\u00a0zmysle \u00a7 2 ods. 3 z\u00e1kona \u010d.211\/2000 Z. z. o\u00a0slobodnom pr\u00edstupe k\u00a0inform\u00e1ci\u00e1m a\u00a0o\u00a0zmene a\u00a0doplnen\u00ed niektor\u00fdch z\u00e1konov (\u010falej len ako \u201ez\u00e1kon o\u00a0slobodnom pr\u00edstupe k\u00a0inform\u00e1ci\u00e1m\u201c) je Spr\u00e1va slu\u017eieb diplomatick\u00e9mu zboru, a.s. (\u010falej aj ako \u201eSSDZ, a.s.\u201c) povinnou osobou na spr\u00edstup\u0148ovanie inform\u00e1ci\u00ed. \u00a0 Pod\u013ea \u00a7 3 ods. 2 z\u00e1kona o\u00a0slobodnom pr\u00edstupe k\u00a0inform\u00e1ci\u00e1m m\u00e1\u00a0Spr\u00e1va slu\u017eieb diplomatick\u00e9mu ...","og_url":"https:\/\/www.ssdz.sk\/ssdz\/poskytovanie-informacii-podla-zakona\/","og_site_name":"Spr\u00e1va slu\u017eieb diplomatick\u00e9mu zboru","article_modified_time":"2020-11-25T13:29:36+00:00","og_image":[{"width":1623,"height":1080,"url":"https:\/\/www.ssdz.sk\/ssdz\/wp-content\/uploads\/2020\/09\/AC-Diplomat_Bez_Trolej.jpg","type":"image\/jpeg"}],"twitter_card":"summary_large_image","twitter_misc":{"Predpokladan\u00fd \u010das \u010d\u00edtania":"3 min\u00faty"},"schema":{"@context":"https:\/\/schema.org","@graph":[{"@type":"WebPage","@id":"https:\/\/www.ssdz.sk\/ssdz\/poskytovanie-informacii-podla-zakona\/","url":"https:\/\/www.ssdz.sk\/ssdz\/poskytovanie-informacii-podla-zakona\/","name":"Poskytovanie inform\u00e1ci\u00ed pod\u013ea z\u00e1kona - Spr\u00e1va slu\u017eieb diplomatick\u00e9mu zboru","isPartOf":{"@id":"https:\/\/www.ssdz.sk\/ssdz\/#website"},"primaryImageOfPage":{"@id":"https:\/\/www.ssdz.sk\/ssdz\/poskytovanie-informacii-podla-zakona\/#primaryimage"},"image":{"@id":"https:\/\/www.ssdz.sk\/ssdz\/poskytovanie-informacii-podla-zakona\/#primaryimage"},"thumbnailUrl":"https:\/\/www.ssdz.sk\/ssdz\/wp-content\/uploads\/2020\/09\/AC-Diplomat_Bez_Trolej.jpg","datePublished":"2020-11-25T12:57:09+00:00","dateModified":"2020-11-25T13:29:36+00:00","breadcrumb":{"@id":"https:\/\/www.ssdz.sk\/ssdz\/poskytovanie-informacii-podla-zakona\/#breadcrumb"},"inLanguage":"sk-SK","potentialAction":[{"@type":"ReadAction","target":["https:\/\/www.ssdz.sk\/ssdz\/poskytovanie-informacii-podla-zakona\/"]}]},{"@type":"ImageObject","inLanguage":"sk-SK","@id":"https:\/\/www.ssdz.sk\/ssdz\/poskytovanie-informacii-podla-zakona\/#primaryimage","url":"https:\/\/www.ssdz.sk\/ssdz\/wp-content\/uploads\/2020\/09\/AC-Diplomat_Bez_Trolej.jpg","contentUrl":"https:\/\/www.ssdz.sk\/ssdz\/wp-content\/uploads\/2020\/09\/AC-Diplomat_Bez_Trolej.jpg","width":1623,"height":1080},{"@type":"BreadcrumbList","@id":"https:\/\/www.ssdz.sk\/ssdz\/poskytovanie-informacii-podla-zakona\/#breadcrumb","itemListElement":[{"@type":"ListItem","position":1,"name":"Domovsk\u00e1 str\u00e1nka","item":"https:\/\/www.ssdz.sk\/ssdz\/"},{"@type":"ListItem","position":2,"name":"Poskytovanie inform\u00e1ci\u00ed pod\u013ea z\u00e1kona"}]},{"@type":"WebSite","@id":"https:\/\/www.ssdz.sk\/ssdz\/#website","url":"https:\/\/www.ssdz.sk\/ssdz\/","name":"Spr\u00e1va slu\u017eieb diplomatick\u00e9mu zboru","description":"","potentialAction":[{"@type":"SearchAction","target":{"@type":"EntryPoint","urlTemplate":"https:\/\/www.ssdz.sk\/ssdz\/?s={search_term_string}"},"query-input":{"@type":"PropertyValueSpecification","valueRequired":true,"valueName":"search_term_string"}}],"inLanguage":"sk-SK"}]}},"_links":{"self":[{"href":"https:\/\/www.ssdz.sk\/ssdz\/wp-json\/wp\/v2\/pages\/18647"}],"collection":[{"href":"https:\/\/www.ssdz.sk\/ssdz\/wp-json\/wp\/v2\/pages"}],"about":[{"href":"https:\/\/www.ssdz.sk\/ssdz\/wp-json\/wp\/v2\/types\/page"}],"author":[{"embeddable":true,"href":"https:\/\/www.ssdz.sk\/ssdz\/wp-json\/wp\/v2\/users\/1"}],"replies":[{"embeddable":true,"href":"https:\/\/www.ssdz.sk\/ssdz\/wp-json\/wp\/v2\/comments?post=18647"}],"version-history":[{"count":3,"href":"https:\/\/www.ssdz.sk\/ssdz\/wp-json\/wp\/v2\/pages\/18647\/revisions"}],"predecessor-version":[{"id":18674,"href":"https:\/\/www.ssdz.sk\/ssdz\/wp-json\/wp\/v2\/pages\/18647\/revisions\/18674"}],"wp:featuredmedia":[{"embeddable":true,"href":"https:\/\/www.ssdz.sk\/ssdz\/wp-json\/wp\/v2\/media\/18236"}],"wp:attachment":[{"href":"https:\/\/www.ssdz.sk\/ssdz\/wp-json\/wp\/v2\/media?parent=18647"}],"curies":[{"name":"wp","href":"https:\/\/api.w.org\/{rel}","templated":true}]}}